ivided by 18?
16
Calculate the remainder when 68 is divided by 34.
0
Calculate the remainder when 29 is divided by 4.
1
Calculate the remainder when 311 is divided by 100.
11
Calculate the remainder when 632 is divided by 225.
182
What is the remainder when 732 is divided by 3?
0
Calculate the remainder when 304 is divided by 77.
73
What is the remainder when 426 is divided by 21?
6
Calculate the remainder when 272 is divided by 221.
51
Calculate the remainder when 11 is divided by 2.
1
Calculate the remainder when 2291 is divided by 78.
29
What is the remainder when 104 is divided by 62?
42
Calculate the remainder when 186 is divided by 35.
11
What is the remainder when 282 is divided by 96?
90
What is the remainder when 12159 is divided by 80?
79
What is the remainder when 2076 is divided by 11?
8
Calculate the remainder when 157 is divided by 79.
78
What is the remainder when 215 is divided by 73?
69
Calculate the remainder when 14142 is divided by 272.
270
Calculate the remainder when 434 is divided by 23.
20
What is the remainder when 522 is divided by 25?
22
What is the remainder when 469 is divided by 137?
58
What is the remainder when 142 is divided by 70?
2
What is the remainder when 791 is divided by 24?
23
Calculate the remainder when 8348 is divided by 121.
120
What is the remainder when 21419 is divided by 45?
44
What is the remainder when 3446 is divided by 10?
6
What is the remainder when 779 is divided by 60?
59
Calculate the remainder when 208 is divided by 101.
6
Calculate the remainder when 2267 is divided by 23.
13
Calculate the remainder when 216 is divided by 71.
3
Calculate the remainder when 1781 is divided by 54.
53
What is the remainder when 19 is divided by 12?
7
What is the remainder when 5507 is divided by 162?
161
What is the remainder when 474 is divided by 60?
54
What is the remainder when 39 is divided by 20?
19
Calculate the remainder when 143 is divided by 33.
11
Calculate the remainder when 754 is divided by 62.
10
Calculate the remainder when 27 is divided by 4.
3
Calculate the remainder when 193 is divided by 62.
7
Calculate the remainder when 7389 is divided by 44.
41
Calculate the remainder when 610 is divided by 607.
3
What is the remainder when 28 is divided by 24?
4
Calculate the remainder when 188 is divided by 32.
28
What is the remainder when 762 is divided by 5?
2
What is the remainder when 431 is divided by 62?
59
Calculate the remainder when 893 is divided by 32.
29
Calculate the remainder when 397 is divided by 77.
12
What is the remainder when 191 is divided by 28?
23
What is the remainder when 204 is divided by 111?
93
What is the remainder when 102 is divided by 21?
18
What is the remainder when 74 is divided by 12?
2
What is the remainder when 297 is divided by 38?
31
Calculate the remainder when 1294 is divided by 216.
214
What is the remainder when 74 is divided by 63?
11
Calculate the remainder when 1953 is divided by 5.
3
What is the remainder when 1149 is divided by 145?
134
What is the remainder when 287 is divided by 274?
13
Calculate the remainder when 613 is divided by 23.
15
What is the remainder when 753 is divided by 28?
25
What is the remainder when 29 is divided by 7?
1
Calculate the remainder when 35 is divided by 20.
15
Calculate the remainder when 1364 is divided by 342.
338
What is the remainder when 593 is divided by 23?
18
What is the remainder when 186 is divided by 25?
11
What is the remainder when 34 is divided by 12?
10
Calculate the remainder when 24 is divided by 21.
3
What is the remainder when 295 is divided by 9?
7
What is the remainder when 195 is divided by 40?
35
Calculate the remainder when 419 is divided by 74.
49
What is the remainder when 254 is divided by 109?
36
Calculate the remainder when 109 is divided by 27.
1
What is the remainder when 777 is divided by 41?
39
What is the remainder when 7553 is divided by 10?
3
Calculate the remainder when 5157 is divided by 86.
83
Calculate the remainder when 2013 is divided by 634.
111
What is the remainder when 850 is divided by 35?
10
What is the remainder when 38 is divided by 15?
8
What is the remainder when 953 is divided by 199?
157
Calculate the remainder when 13036 is divided by 163.
159
Calculate the remainder when 116 is divided by 17.
14
What is the remainder when 4549 is divided by 7?
6
What is the remainder when 447 is divided by 92?
79
Calculate the remainder when 404 is divided by 29.
27
What is the remainder when 135 is divided by 45?
0
Calculate the remainder when 112 is divided by 65.
47
Calculate the remainder when 89 is divided by 17.
4
What is the remainder when 1103 is divided by 123?
119
What is the remainder when 171 is divided by 78?
15
Calculate the remainder when 2983 is divided by 15.
13
What is the remainder when 1204 is divided by 61?
45
What is the remainder when 1386 is divided by 97?
28
What is the remainder when 8998 is divided by 10?
8
Calculate the remainder when 96 is divided by 86.
10
What is the remainder when 114 is divided by 31?
21
What is the remainder when 2294 is divided by 380?
14
Calculate the remainder when 8546 is divided by 21.
20
Calculate the remainder when 136 is divided by 107.
29
Calculate the remainder when 3771 is divided by 942.
3
Calculate the remainder when 135 is divided by 47.
41
What is the remainder when 103 is divided by 63?
40
What is the remainder when 237 is divided by 12?
9
Calculate the remainder when 1560 is divided by 104.
0
What is the remainder when 75 is divided by 8?
3
Calculate the remainder when 543 is divided by 109.
107
What is the remainder when 493 is divided by 72?
61
What is the remainder when 17087 is divided by 96?
95
Calculate the remainder when 6296 is divided by 38.
26
What is the remainder when 94 is divided by 84?
10
Calculate the remainder when 362 is divided by 9.
2
What is the remainder when 2231 is divided by 12?
11
Calculate the remainder when 383 is divided by 47.
7
What is the remainder when 60 is divided by 22?
16
Calculate the remainder when 142 is divided by 12.
10
What is the remainder when 539 is divided by 45?
44
Calculate the remainder when 175 is divided by 43.
3
What is the remainder when 1835 is divided by 153?
152
What is the remainder when 675 is divided by 97?
93
What is the remainder when 82 is divided by 71?
11
What is the remainder when 844 is divided by 65?
64
Calculate the remainder when 442 is divided by 91.
78
Calculate the remainder when 5575 is divided by 36.
31
Calculate the remainder when 5290 is divided by 212.
202
What is the remainder when 1349 is divided by 446?
11
What is the remainder when 983 is divided by 71?
60
What is the remainder when 113 is divided by 64?
49
What is the remainder when 24114 is divided by 455?
454
Calculate the remainder when 73 is divided by 7.
3
Calculate the remainder when 5037 is divided by 315.
312
What is the remainder when 25200 is divided by 29?
28
Calculate the remainder when 667 is divided by 177.
136
What is the remainder when 386 is divided by 167?
52
What is the remainder when 17 is divided by 5?
2
What is the remainder when 391 is divided by 238?
153
What is the remainder when 141 is divided by 39?
24
What is the remainder when 241 is divided by 35?
31
What is the remainder when 32946 is divided by 9?
6
What is the remainder when 107 is divided by 12?
11
What is the remainder when 3471 is divided by 99?
6
Calculate the remainder when 277 is divided by 48.
37
What is the remainder when 288 is divided by 14?
8
Calculate the remainder when 1033 is divided by 61.
57
What is the remainder when 22 is divided by 5?
2
What is the remainder when 345 is divided by 138?
69
Calculate the remainder when 196 is divided by 50.
46
What is the remainder when 16 is divided by 12?
4
Calculate the remainder when 256 is divided by 65.
61
What is the remainder when 9468 is divided by 33?
30
What is the remainder when 1146 is divided by 82?
80
Calculate the remainder when 291 is divided by 96.
3
What is the remainder when 819 is divided by 791?
28
Calculate the remainder when 7100 is divided by 27.
26
Calculate the remainder when 459 is divided by 92.
91
What is the remainder when 416 is divided by 10?
6
Calculate the remainder when 249 is divided by 6.
3
Calculate the